- 4*i, -g + 17 = -3*i + 162. Let x = -25 - g. What is the hundreds digit of x?
1
Let h be (0 - -1) + (-333)/9. Let b = h + -3. Let g = b - -59. What is the units digit of g?
0
Let n be 306*(-3 - (-21)/6). Let g = n + -25. What is the tens digit of g?
2
Let n be (1 + (-154)/(-10) + 0)*-5. Let k = n - -173. What is the units digit of k?
1
Let j = 34 + -15. Suppose -54 = -21*f + j*f. What is the tens digit of f?
2
What is the tens digit of (-5)/(2/248*-4)?
5
Let b(g) = g**2 - g - 3. Let q be b(3). Suppose 0 = 2*r + q*r - 25. Suppose -r*s + 2*s + 35 = 2*u, 20 = 4*s - 4*u. What is the units digit of s?
9
Suppose -g = 4*j - 614, -5*j + 365 = g - 402. What is the units digit of j?
3
Let h(d) = 4*d**2 + 25*d - 1. What is the units digit of h(-15)?
4
Let v = 1056 + -752. What is the tens digit of v?
0
Let b be 0 + 4 + 0/4. What is the hundreds digit of ((-3000)/36)/(b/(-6))?
1
Let l(c) = -11*c + 7. Let q be l(5). Suppose 4*m - 4*s - 20 = m, -5*m + 5*s = -30. What is the units digit of 10/m*q/(-30)?
4
Suppose -3*s - 26379 = -5*i, 2*i - 2*s = -6*s + 10536. What is the tens digit of i?
7
Suppose -4*g + 20 = 2*c, 3*c + g - 3*g + 2 = 0. What is the tens digit of 4378/121 - c/11?
3
Let j(l) = l**3 - 12*l**2 - 78*l - 6. What is the hundreds digit of j(20)?
6
Let q(z) = z**3 - 17*z**2 + 3*z - 21. Let a be (50/8 - 2)*4. What is the tens digit of q(a)?
3
Let s = -154 - -370. What is the hundreds digit of s?
2
Let z be (-30)/(-20)*20/6. Suppose -z*a - 2*w + 325 = w, w = 0. What is the units digit of a?
5
Let g(t) = 5*t**3 - t**2 + 20*t. What is the hundreds digit of g(4)?
3
Suppose 5*u + 2*t - 17 = -0*u, 0 = 2*u + 3*t + 2. Suppose -3*f = -u*f + 2. Suppose a - 11 - f = 0. What is the tens digit of a?
1
Suppose 5*n = 2*t + 2*t - 698, -2*n - 281 = -t. Let s = n + 286. What is the tens digit of s?
4
Let i(x) = -11*x - 9. Suppose l + 16 = -4*c, c - 4*l + 11 = 2*c. What is the tens digit of i(c)?
4
Suppose 2*w = -2*w + 8. Suppose t = 3*c + 13, -4*c + w*c = 2. What is the units digit of t?
0
Let t(z) = -35*z - 9. Let k be t(-9). Suppose -4*c - k = -7*c. What is the hundreds digit of c?
1
Suppose 3*y = 4*d + 2480, -5*d = 4*y - 1140 - 2177. What is the tens digit of y?
2
Let u be (-3 + 8)/(-4 - -5). Suppose u = 2*m - 163. Suppose 0*a + m = 3*a. What is the tens digit of a?
2
Let t = 40 + -40. Suppose 4*q = 2*q + 112. Suppose -6*p + 2*p + q = t. What is the units digit of p?
4
Let z(y) = y**3 - 7*y**2 + 8*y + 7. Let v be z(5). Let s be (0 - 18)*v/(-6). What is the units digit of -1*9/(s/44)?
4
Let i(s) = 3*s - 4. Let t be i(3). Suppose 2*g - 2*k = 316, 0*k + 164 = g + t*k. What is the tens digit of g?
5
Let j(k) = -k + 7. Let t be j(7). Suppose 7*i - 4*i - w - 400 = t, 3*w + 12 = 0. What is the units digit of i?
2
Suppose 6*j - 25 = j. Suppose 0 = -j*m + 25, 3*f + m + 16 = 6*m. Suppose f*n = -2*n + 200. What is the units digit of n?
0
Suppose 4*u + 14 = k, k - 4*u - u - 17 = 0. Suppose 50 + k = 4*h. What is the units digit of h?
3
Suppose 26 = -4*m - 22. Let g(v) = -6*v + 23. What is the units digit of g(m)?
5
Suppose -8*t - 5060 = -31*t. What is the tens digit of t?
2
Suppose -7*f - 104 = -9*f. Suppose -2*z = -z - f. What is the tens digit of z?
5
Suppose 0 = -j + 51 + 24. Suppose 4*s = j + 893. What is the hundreds digit of s?
2
Let w = -44 + 100. Let c be (5/4)/(7/w). What is the tens digit of (-206)/(-4) + 15/c?
5
Let g(t) = -40*t**3 - 11*t**2 - 16*t - 7. What is the hundreds digit of g(-4)?
4
Suppose 16*p + 307 = 6483. What is the tens digit of p?
8
Let j be 140/(-10) + -4 + -1. What is the units digit of j/((-42)/60 - 1/(-5))?
8
Let k(d) = -104*d**3 - 3*d**2 + 10*d + 24. What is the units digit of k(-2)?
4
Suppose 3*f + f = 44. Let g = 9 - f. What is the units digit of 12 + (3 - 2)*g?
0
What is the units digit of (-239)/(-2629) + (25518/22 - 1)?
9
Suppose -t - 4*p + 102 = -p, 4*t + 5*p - 387 = 0. Suppose -t = -5*i + v + 350, -270 = -3*i + 2*v. What is the units digit of i?
8
Let y(k) = -5*k + 4. Let b be y(-2). Suppose 2*a + 21 = p, -p + 4*a - 1 = -b. What is the units digit of p?
9
Let f = 6 + 9. Let z = f + 26. What is the units digit of z?
1
Suppose -4*w + 4*a - 5 = -1, -2*w + 3*a - 1 = 0. Let q(p) be the second derivative of p**4/6 - p**3/6 - p**2/2 - p. What is the units digit of q(w)?
9
Suppose 3*y - 2 = 1. Let d be y*6/9*12. Suppose t + 5*o - d = 0, 5*t + 5*o - 76 = -16. What is the units digit of t?
3
Suppose -j + 538 = 98. What is the tens digit of j?
4
Let g(l) = l**2 - 4*l - 2. Let c be g(5). Let v(z) = -2*z - c*z + 7 + 4*z. What is the units digit of v(6)?
1
Suppose -4*r - 3*j = -32, 3*r + 5*j + 4 = 39. Suppose -4*t = -r*t + 121. What is the units digit of (-2)/(-8) + t/44?
3
Suppose 0 = n + 8*n - 54. Suppose -n*t = 35 - 1421. What is the tens digit of t?
3
Suppose 9 = -3*m + 18. Suppose -4*h - i = -166, 0*i = 2*h + m*i - 78. What is the units digit of h?
2
Let z be (10 - 16)/(3/(-5)). Suppose -5*r - 785 = -z*r. What is the units digit of r?
7
Let g(q) = -3*q**2 - 4*q - 4. Let r be g(5). Let f = r - -239. What is the units digit of f?
0
Suppose -4753 = -r - i + 2*i, 5*r - 4*i - 23762 = 0. What is the tens digit of r?
5
Let p(h) = h**2 - 4*h. Let z be p(5). Let c be 2/(-5) + (-83)/z. Let g = c - -32. What is the tens digit of g?
1
What is the hundreds digit of 4 + 232 - (3 - 2/(-1))?
2
Let g be (1/(-3))/(2/(-42)). Suppose -g*c = -3*c - 444. What is the hundreds digit of c?
1
Let t be 69/12 + 6/24. Suppose 2*c - 5*y = 447, -c - 1092 = -t*c + 4*y. What is the hundreds digit of c?
2
Let r(k) = k**2 - 4*k + 6. Let s be r(4). Let g(y) = -s*y + 3*y**2 - 3*y + 13 - 4*y**2. What is the units digit of g(-9)?
3
Suppose 0 = 14*l - 10933 - 14659. What is the hundreds digit of l?
8
Suppose 4*d + 3*y - 2527 = 0, -2*y - 5 = -7*y. What is the units digit of d?
1
Let l = 599 - 355. What is the units digit of l?
4
Let g(l) = -24*l**3 + 2*l**2 + 5*l + 15. What is the hundreds digit of g(-3)?
6
Let u be 48/22 - (-2)/(-11). Let z = u - 0. Suppose q - b = 2*b + 12, z*q + 3*b = 6. What is the units digit of q?
6
Let q(k) = -k**3 + 17*k**2 + 5*k - 2. Let w = -20 - -37. What is the tens digit of q(w)?
8
Let g(l) = l**2 - 5*l + 5. Let o be g(4). Suppose -2*f + o = -f. What is the tens digit of (9 + -6)/(f/5)?
1
Let x(g) = 2*g**2 - 3*g + 2*g**3 - g**3 - 4 + 2 + 0*g**2. Let a be x(2). Suppose -a*i = -450 + 90. What is the units digit of i?
5
Suppose -3*i - 30 = -5*i. Suppose 3 = r - i. What is the units digit of r?
8
Suppose -1207 = -52*v + 35*v. What is the units digit of v?
1
Let v be 20/3 + 3/9. Let a(n) = n**3 - 8*n**2 + 10*n + 3. Let f be a(v). Suppose -124 + f = -5*x. What is the units digit of x?
0
Suppose 44 = 3*w - 5*n, -n - n = -10. Let f = -21 + w. Suppose -3*m + 0*m = -f*k + 30, -2*k - 4*m = -16. What is the tens digit of k?
1
Let x = -19 + 24. Suppose 2*p + 344 = x*j + 5*p, 2*j - 146 = -4*p. Suppose 5*y + 2*g - 47 = 62, -j = -3*y - 2*g. What is the units digit of y?
1
Let g(u) = -6*u - 33. Let y be g(-6). Suppose -y*j + 104 = -4*s - 273, 3*j - 375 = 3*s. What is the units digit of j?
3
Suppose 0 = 3*d + 5*g + 370, 0 = 2*d + 4*g - 16 + 266. Let o = d + 264. Suppose 3*f = 46 + o. What is the tens digit of f?
6
Let b = 472 - 202. Suppose -5*p + b = -0*p. What is the units digit of p?
4
Let i = -430 + 696. What is the hundreds digit of i?
2
Suppose -4*c - 18 = -2*p, c = 4*p - 5*p. Suppose 3*o - 2*h = -35 - 26, -4*o = p*h + 104. Let f = -20 - o. What is the units digit of f?
3
Let y(f) = -f - 4. Suppose w - 3*p = -5 + 17, 0 = 4*w + p - 22. Let x be y(w). Let c(r) = -3*r - 4. What is the units digit of c(x)?
6
Suppose -27 = -2*r + r. Suppose 4*l = 4*q + 1 + 99, -l + r = q. What is the tens digit of l?
2
Suppose 0 = 2*z - 4*t - 1 - 7, 5*z - 2*t - 4 = 0. Suppose r - 15 - 33 = z. What is the units digit of r?
8
Let q = 30 - 59. Let n = 80 + q. What is the tens digit of n?
5
Suppose 4*f - 1573 = -125. Let u = -189 + f. What is the hundreds digit of u?
1
Let g(b) = b**3 + 3*b**2 - 10*b + 12. Let y be g(-5). Suppose 0 = 2*h + 3*h - 5*m - 245, m - 98 = -2*h. Let p = h - y. What is the units digit of p?
7
Let x = 17 + -26. Let l(b) = -7*b - 49. What is the tens digit of l(x)?
1
Suppose 5*c - 18 = 2*c + 3*n, -3*n = -c. What is the units digit of 33/c + 10/(-15)?
3
Suppose -u - 7 =